- 15*u = v*q - 1684, 3*q = 4*u - 1698. What is the tens digit of u?
2
Suppose 157606 - 783000 - 518587 = -51*o. What is the tens digit of o?
3
Let h = 216 - 218. Let q(k) = -83*k**3 - 4*k**2 - 10*k - 9. What is the hundreds digit of q(h)?
6
Let h = -63 - -86. Suppose 0 = p - 4, -3*z = 4*p - h - 83. What is the tens digit of z?
3
Let x(r) = -r**3 + 3*r**2 - 10*r - 5. Let g be x(5). Let b = g + 215. Let v = b - 52. What is the tens digit of v?
5
Suppose 30643 - 14348 = 28*l - 156745. What is the units digit of l?
0
Let j = 24300 - 9644. Suppose 4*u + j = 36*u. What is the tens digit of u?
5
Suppose 72096 = 3*m + 4*p, -120*m = -119*m + 5*p - 24043. What is the thousands digit of m?
4
Let p = 1194 + 1926. What is the units digit of p?
0
Suppose 12*x - 380919 + 25212 = -21*x. What is the units digit of x?
9
Let f = 1108 - 83. Suppose 5*i = f + 330. Let g = i + -163. What is the hundreds digit of g?
1
Suppose 74*l - 360 = 29*l. What is the tens digit of (((-32)/12)/8)/(l/(-28152))?
7
Suppose 99*y - 100*y + 5*j = -4145, -4*y = -2*j - 16616. What is the units digit of y?
5
Let p(t) = -t - 15. Let s be p(-6). Let r be (-4)/(-3)*s/(-2). Suppose r*j - 294 = -0. What is the units digit of j?
9
Suppose 335*d - 330*d = -3475. Let q = d + 812. What is the tens digit of q?
1
What is the units digit of ((-2)/(-3))/(((-1)/(-3) + -1)/(-1244))?
4
What is the units digit of -72 - -55 - (4 + -74605)?
4
Suppose 74*b = 78*b - 12. Suppose -115 - 101 = -b*h. What is the units digit of h?
2
Let o = -468 - -505. Suppose -39696 = 13*p - o*p. What is the units digit of p?
4
Suppose -2*w + 2 - 18 = -l, -5 = w. Let j be l/21 - 2760/(-42). Suppose 0 = -2*z + j + 72. What is the units digit of z?
9
Let y(p) = p**3 + 10*p**2 + 8*p + 2. Let l = -189 + 184. What is the units digit of y(l)?
7
Suppose 8 = -4*f, -8 = 3*r - 2*f - 3*f. Let i be (-1)/6 - r/(72/50). Suppose -3*t + z = -i*t + 95, 2*z = 5*t - 447. What is the tens digit of t?
9
Let r = 31826 + -22567. What is the thousands digit of r?
9
Let z(u) = 10*u**3 + 155*u**2 + u - 61. What is the tens digit of z(-14)?
6
Let m(s) = -s**2 - 6*s - 10. Let z be m(-2). Let g be (2 - 390 - 2)/z. Suppose 4*h - g = -5*w, 5*h + 81 = 3*w - 36. What is the tens digit of w?
3
Let k(h) = h**2 + 5*h + 15. Let a be k(-9). Let v = -43 + a. What is the units digit of (-1*(-10)/v)/(12/1008)?
5
Suppose 0 = -2*g - a + 7, -3*g + 5*a = -6*g + 7. Suppose 20*j - 17*j = 4*i - 279, i + g*j - 46 = 0. What is the units digit of i?
6
Let l(g) = -25 - g**3 - 21*g + 2*g**3 + 57 - 28 + 4*g**2. Let i be l(-7). What is the units digit of -1*2 - (4 - i - 92)?
0
Suppose 2*q - 4*k + 15 + 15 = 0, -4*q - 4*k - 12 = 0. Let l be (0/(4 + q))/1. Suppose l*f + 4*f = 96. What is the units digit of f?
4
Suppose -14 = 2*w, 3*w = -3*r + 7098 + 9528. What is the hundreds digit of r?
5
Suppose -11*w = -28*w - 4*i + 103028, 4*w = 2*i + 24236. What is the thousands digit of w?
6
Suppose 5*k - 3*t + 6 = 0, -3*t = 3*k + 6 + 12. Let v(i) = 26*i**3 + 6*i**3 - 33*i**3 + 5*i - 3*i + 4*i**2 - i. What is the units digit of v(k)?
0
Let s = -6605 - -8597. What is the thousands digit of s?
1
Let x = -874 + 878. Suppose f = 5*j + 1764, -x*j + 7166 = 4*f - 2*j. What is the thousands digit of f?
1
Suppose 19*r + 2673 = 773. Let s = r + 208. What is the hundreds digit of s?
1
Let r(t) = 3 + 37*t - 42*t - t**2 - t**3 + 8. Suppose 0 = -s - 5 - 0. What is the hundreds digit of r(s)?
1
What is the hundreds digit of (0 - -1)*-20*(-46 - 44912/64)?
9
Suppose 3*x - 410 = 5*c + x, -4*c - 4*x - 356 = 0. Suppose 0 = s - 3, -s = 3*j + 2*s + 9. What is the units digit of (-35)/j - 14/c?
6
Let i(n) = 4*n + 19. Let o(r) = -r**3 + 16*r**2 - 15*r + 17. Suppose -3*a + j - 29 + 78 = 0, -j - 64 = -4*a. Let l be o(a). What is the units digit of i(l)?
7
Let p = 46 - 119. Suppose -r + 0*b - 218 = 3*b, 0 = -4*r - b - 850. Let f = p - r. What is the units digit of f?
9
Let c = -9 + -34. Let j = c - -366. What is the hundreds digit of j?
3
Let n = -31 - -39. Let i(z) be the third derivative of z**4/3 - 9*z**3 + 8*z**2. What is the units digit of i(n)?
0
Suppose -8 = m - 0*m + i, 0 = -4*i + 8. Let j = m - -8. What is the tens digit of (51/j)/(5/(-10))?
5
Let q be (2/4)/(-6 - (-12485)/2080). Suppose 4*s - 796 - q = 0. What is the units digit of s?
1
Suppose 27*p + 7008 = 271527. What is the tens digit of p?
9
Let r(p) = -135*p - 2357. What is the hundreds digit of r(-104)?
6
Let x = 44 + -40. Suppose x*a - 3*g - 34 = 25, 2*g = -10. Suppose -3*f + 134 = a. What is the units digit of f?
1
Let w = 16967 - -67848. What is the thousands digit of w?
4
Let d be (0/1)/(1 + -2). Let o(w) = 2*w + 1. Let h be o(3). Suppose d = -5*y + h*y - 134. What is the tens digit of y?
6
Suppose -11*r - 6288 = -368111. What is the hundreds digit of r?
8
Let d = -446 + 449. Suppose -3*w + 1224 = 2*m - 1300, d*w = 2*m + 2540. What is the tens digit of w?
4
Suppose -3*m - 145821 = -3*c, -5*c - 4*m + 102427 = -140599. What is the units digit of c?
6
What is the hundreds digit of (-21760272)/(-255) - (-2)/(-5) - 3?
3
Let x(s) be the second derivative of s**5/20 - s**4/2 + s**3 - 10*s**2 + 272*s. Let z = -14 + 21. What is the tens digit of x(z)?
7
What is the hundreds digit of 10725447/783 - 2*(-2)/36?
6
Let v(y) = -111*y**3 + 13*y - 14*y - 2 - 85*y**3. Suppose 9*l = -12 + 3. What is the hundreds digit of v(l)?
1
What is the hundreds digit of ((-198)/4*-24)/((-10)/(-160))?
0
Let a = -4473 - -10310. Suppose -4*k - 7*v + 5843 = -8*v, -4*k = v - a. What is the tens digit of k?
6
Let a = 566 - 159. Let o = 866 - a. What is the units digit of o?
9
Let n = 26398 - -6876. What is the units digit of n?
4
Suppose 0 = w - 4*n + 3, 7*n = -w + 2*n + 24. Suppose w*q - 100 = 4*q. Suppose 0 = 4*y - 0*m + 5*m - 183, 0 = 4*m + q. What is the units digit of y?
2
Let u be ((-1)/(2 - 6)*0)/(-1). Suppose 0 = -j - 2*d + 51, 158 = -u*j + 3*j + 5*d. What is the tens digit of j?
6
Let x = -315 - 171. Let y = -17 - x. What is the hundreds digit of y?
4
Suppose -609 + 1575 = 6*w. Let j = w + 64. What is the tens digit of j?
2
What is the units digit of 8/116 + (-3048588)/(-116)?
1
Let h = 20 - -4. Let z(b) = 4*b + 2*b**2 + 3*b + h + 3*b**2. What is the hundreds digit of z(-5)?
1
Let h(n) = -n + 18. Let m be h(-17). Suppose m*o - 38*o + 6 = 0. Suppose o*r + 3*r = x + 732, -4*r - 3*x + 578 = 0. What is the units digit of r?
6
Let u = -9452 + 16395. What is the tens digit of u?
4
Let d = 242 + -236. Suppose -2*b + 800 = -f, -d*b - 808 = -8*b + 5*f. What is the tens digit of b?
9
Suppose -5*j - 12 = -9*j. Suppose 2*r + 8 = -2*r, 0 = 4*c - j*r - 66. Suppose 4*g = -g + c. What is the units digit of g?
3
What is the units digit of ((-26274)/(-2320) - (-2)/(-16))*5?
6
Let l = 88658 - 36887. What is the thousands digit of l?
1
Suppose 18 = -3*l + 159. Suppose l - 1457 = -10*g. Suppose 0 = -6*s + g + 465. What is the tens digit of s?
0
Suppose 2*z = 296*v - 293*v + 9454, z + v - 4722 = 0. What is the tens digit of z?
2
What is the hundreds digit of 2 + 22740 + (-4 - 0)*252/126?
7
Let i be 2 + (-20)/(-6) + (-16)/(-24). Suppose 0 = k - 4*l - 505, 3*k = i*k - 4*l - 1483. Suppose -7*v + k = -4*v. What is the tens digit of v?
6
Let i(j) = j**3 - 4*j**2 - 16*j - 2. Suppose -25 = -3*n - 2*l, 0 = -21*n + 20*n + 4*l + 13. What is the units digit of i(n)?
9
Let o = -12618 + 25145. What is the units digit of o?
7
Suppose -12467 = -47*b + 40*b. Suppose b = 2*g + 389. What is the hundreds digit of g?
6
Let d(p) = 4*p**2 - 22*p - 14. Suppose 5*w + g + 3*g = -68, -3*w + 4*g = 28. What is the tens digit of d(w)?
2
Let a be (7/14)/(-3 + (-1324)/(-440)). What is the units digit of 6/(-33) - (-780)/a?
4
Let k(u) = -9*u - 47. Let x(l) = 16*l + 94. Let g(m) = -5*k(m) - 2*x(m). What is the tens digit of g(18)?
8
Let t(i) = -7*i + 4. Let n be t(2). What is the units digit of (-1)/(n/1302) - 4/20?
0
Suppose 0 = -34*d + 36*d. Suppose 4*i + 0*i - 676 = d. What is the tens digit of i?
6
Suppose 4*s - 4*k - 88 = 0, 4*k - 5 = -1. Let b = -8 + s. Suppose b*m = 26*m - 2563. What is the hundreds digit of m?
2
Let r(v) = 222*v**3 - 2*v**2 - v + 2. Let n be r(1). Suppose n = -2*i + 1019. What is the hundreds digit of i?
3
Suppose 1914 = -6*s + 2628. Let j(l) = 6*l**2 + l + 2. Let d be j(2). Let p = s - d. What is the 